). Let t be y(l). Suppose 2*r + 2*r = t. What is the units digit of r?
0
Let f be (-3)/(-9) - 114/(-9). Let z = f - 9. Suppose -3*w = 0, -z*c - 3*w + 5 + 19 = 0. What is the units digit of c?
6
What is the tens digit of 2/10 + 0 + 3040/50?
6
Let j(s) = -s**2 + 97*s + 228. What is the tens digit of j(43)?
5
Suppose -2*v + 5*b - 120 = 0, 4*v = 5*b - b - 216. Suppose t - 2*q = 75, -t + 23 = q - 52. Let p = t + v. What is the units digit of p?
5
Let j(t) = 15*t**2 - 5*t + 2. Let o(n) = -7*n**2 + 2*n - 1. Let h(y) = 6*j(y) + 13*o(y). Let b be h(-4). What is the tens digit of -1 + b - (8 + -33)?
2
What is the tens digit of 32/(-88) - (-31354)/11?
5
What is the hundreds digit of (12/(-3) + -177)/((-5)/150)?
4
Let d = -48 + 8. Let h = d - -62. What is the units digit of h?
2
Let d = -6 - -11. Suppose -d*x + 186 + 464 = 0. Suppose 0*a = -5*a + x. What is the tens digit of a?
2
Let y = -8591 - -12798. What is the units digit of y?
7
Let f = 11 + -6. Suppose f*i - i = -44. Let u = i - -28. What is the units digit of u?
7
Let y = -33 + 32. What is the units digit of y - (5 - 2)*-12?
5
Let d(q) = 3*q + 0 - 2 - 17. Let n be d(9). What is the units digit of (-114)/(-9)*12/n?
9
Suppose 2*a - 10 = 3*a - 4*i, 2*a = -2*i + 10. Suppose 1122 = 4*j - 3*c, -a*c + 6*c + 1403 = 5*j. What is the tens digit of j?
7
Let p = 110 + 944. What is the tens digit of p?
5
Suppose 4*y = -4*z + 8*z - 6644, -5*y - 10 = 0. What is the hundreds digit of z?
6
Let v(z) = -z**3 + 17*z**2 - 18*z + 15. Let h be v(16). Let q = 18 + h. What is the units digit of 2*(75/6 - q)?
3
What is the hundreds digit of ((-36)/1)/(-2*(-7)/(-714))?
8
Suppose -2*v - 2*f - 298 = 0, -80 - 677 = 5*v + f. Let l = v - -267. What is the tens digit of l?
1
Let y = 4793 + -3357. What is the hundreds digit of y?
4
Let f(n) = -n**3 + 7*n**2 + 3*n + 4. Let m be f(7). Suppose -4*l - 67 = -5*y, -m = -2*y - 0*y + l. What is the units digit of y?
1
Let c = 2329 - 1380. What is the units digit of c?
9
Let t be -3 - 0 - 52/(-4). Suppose -220 = 5*r - t*r. Suppose -4*v + r = b - 0*b, -8 = 2*v. What is the tens digit of b?
6
Suppose -4*g + 10*j + 21 = 5*j, -4*g + 19 = -3*j. Suppose 8 = 2*t - 0*t. Suppose t*r - g*v = 16, -2*v + 7*v = -5*r. What is the units digit of r?
2
Let c(y) = y + 24. Let a = -9 - -7. Let h be -4 + (1 - (a + -1)). What is the tens digit of c(h)?
2
What is the hundreds digit of -2 - (-8 - 297) - (-1 - 0)?
3
Let z(g) = -65*g - 2. Suppose -4*n - 3*r - 16 = 0, 3*n + 11 = -r - r. What is the tens digit of z(n)?
6
Let y = 182 + 467. Suppose 0 = -3*q + 5*j + 378, q + 2*j + y = 6*q. What is the units digit of q?
1
Let n(w) = -w**3 + 4*w**2 - 5*w + 6. Let v be n(4). Let u = v - -15. What is the units digit of u?
1
Let o = 14 + -12. Let u = 5 - o. Suppose u*a - 165 = -0*a. What is the units digit of a?
5
Let b be -4 + 10/3 - (-50)/(-6). Let d(r) = -8*r + 36. What is the units digit of d(b)?
8
Let a(x) = 5*x**2 + 6*x + 119. What is the tens digit of a(15)?
3
Let z(t) = 14223*t + 26*t**3 - 14223*t - 1. Suppose 0*f - 5*f + 5 = 0. What is the tens digit of z(f)?
2
Let f be (-441)/(-15) + -21 - (-4)/(-10). Suppose -5*p + 8 + 27 = 4*q, 3*p = 3*q - 6. Suppose p*y = f*y - 80. What is the units digit of y?
6
Let b(v) = -54*v + 10. Let g be b(-4). Suppose -x = -3*x + g. What is the units digit of x?
3
Suppose 2*s - 5*l + 21 = -0*l, 5*s - 3*l + 100 = 0. Let r(u) = -u**3 - 4*u**2 + 6*u + 3. Let w be r(-6). Let h = w + s. What is the units digit of h?
6
What is the tens digit of (-538)/(-12)*2 + 57/171?
9
Let i be (-56)/16*4/(-14). Suppose 4*l - i - 71 = 0. What is the units digit of l?
8
Suppose -4*q + 613 + 563 = 0. Suppose q = 3*b + 2*c + c, -5*c + 211 = 2*b. What is the units digit of b?
3
Let k = -101 + 123. What is the units digit of k/(-33)*(0 + (-105)/2)?
5
Let s(i) = -29 + 7*i + 8*i + 13 - 5*i. What is the tens digit of s(6)?
4
Let n be 3/1 + (-32)/(-8). Suppose 16 = -n*i + 156. Suppose i*d - 22*d = -16. What is the units digit of d?
8
Let r(c) = 348*c - 367. What is the units digit of r(7)?
9
Let c = 595 + 197. What is the hundreds digit of c?
7
Let s be 16/(-4)*(-7)/2. Suppose 0 = 4*l + 3*n - 18, -l - l + s = 4*n. Suppose 0 = l*r - 29 - 1. What is the tens digit of r?
1
Let t = -17 - 30. Let j = t - -82. What is the units digit of j?
5
Let z = 10 - 1. Let q be ((-4)/3)/(3/z). What is the units digit of (q/(-10))/(2/30)?
6
Suppose 5 + 10 = 5*u. Suppose 4*z = 5*q + 32, 0 = -z - u*z - q + 8. Suppose -z*l = -4*l + 23. What is the units digit of l?
3
Suppose v + 0*v = -30. Let a = -26 - v. What is the units digit of a?
4
Suppose 0 = 5*f + 15*w - 12*w - 4965, -2*f = -3*w - 2007. What is the hundreds digit of f?
9
Let k(i) = i**2 - 5*i - 5. Let r be k(6). Suppose -3*l - 2*l + 16 = -4*p, r = -l + 5*p. What is the units digit of l?
4
Let f = 45 - 29. Let x = f + -26. Let c = 11 + x. What is the units digit of c?
1
Let l be 162/8 - 13/52. Let n be ((-16)/l)/(4/10). What is the units digit of 25 - (n + (-1 - -6))?
2
Suppose -2*n = -2*t + 3*n - 2, 4*n - 61 = -5*t. Let p be (384/56 + -6)/((-2)/(-7)). What is the tens digit of -3*p/t*-22?
2
Let m(t) = t**3 - 6*t**2 + 3*t - 1. Let x(n) = n + 6. Let b = -27 + 27. Let z be x(b). What is the tens digit of m(z)?
1
Let c(m) = 10*m + 44. Let p be c(21). Let u = -179 + p. What is the tens digit of u?
7
Let a = -2384 + 3598. What is the hundreds digit of a?
2
Suppose 4*u = u + 216. Suppose -u = -2*j + 60. What is the units digit of j?
6
Let o be 2/(-4)*0/(-6). Suppose o = -m + 1 - 0. Suppose r + m = x, -x - 2*r + 4*r = 3. What is the units digit of x?
5
Let o(i) be the third derivative of -i**6/120 - i**5/30 + i**4/4 + 3*i**3 - 18*i**2. What is the tens digit of o(-7)?
2
Let v be ((-2)/(-2))/(11/(-77)). Let x(h) = h**3 + 8*h**2 + h + 8. Let c be x(v). Suppose p = -0*p + c. What is the units digit of p?
0
Let l be (-6)/(-36)*15*(-1 - -3). Suppose -3*q + 2*q + 89 = -5*g, l*g - 227 = -3*q. What is the tens digit of q?
7
Let l(b) = b**2 + 30*b - 153. What is the units digit of l(-36)?
3
Let p = -1314 + 2578. What is the units digit of p?
4
Suppose 185*x = 126*x + 148444. What is the tens digit of x?
1
Let c be 0 + 1*(1 + -3). Let m be 37 + ((-8)/4)/c. Suppose -2*k + 4 = -m. What is the units digit of k?
1
Let d(n) = -44*n**3 - 4*n**2 - 4. What is the units digit of d(-2)?
2
Suppose 4*w - 4 = 0, -4*w - 1 - 3 = -x. Suppose -x*l = -4*l - 956. What is the tens digit of l?
3
Let b be (-2)/4 + (-34)/4. Let p = 0 - b. Suppose p + 20 = w. What is the tens digit of w?
2
Suppose 5*l + 85 = 2*p + 12, 3*l = 15. What is the units digit of p?
9
Let t(z) be the second derivative of 7*z**3/6 - 5*z**2/2 - z. Let f = 293 - 289. What is the units digit of t(f)?
3
Let i(c) = 3*c + 3. Let u be i(6). What is the tens digit of 17 - 0 - (18 - u)?
2
Let g = -5 + 2. Let b(z) = -z**3 - 3*z**2 + z. Let x be b(g). What is the units digit of 3/(x - (-54)/16)?
8
Let s(g) = -g**2 + 14*g + 2. Let q be s(12). Suppose q*b - 24*b = 236. What is the units digit of b?
8
Let g = 17 - 23. Let o(k) = -8*k - 9. Let c be o(g). Suppose 0 = -q + c - 14. What is the tens digit of q?
2
Let u = 1193 + -638. What is the units digit of u?
5
Suppose -5*q + 2020 = 5*z, -18*z - 4*q - 1177 = -21*z. What is the units digit of z?
9
Let b = 4151 - 1935. What is the hundreds digit of b?
2
What is the units digit of 6095/53 + 4/(-2)?
3
Suppose -3 = -5*a + 17. What is the units digit of (-3 - 155/(-10))*a?
0
Suppose 0 = 4*t + 16, -2*q + 811 = 3*t - 325. What is the hundreds digit of q?
5
Suppose 3*w + l = 2*l - 121, w - l = -37. Let m = 211 + w. What is the tens digit of m?
6
Let q = -9 - -7. Let z be q/(-8) - (-140)/16. Suppose 0*f - z = -f. What is the units digit of f?
9
Let y(h) = 2*h**3 - h**2 - 9*h - 7. Let n be 3/(-4) - 207/(-36). What is the tens digit of y(n)?
7
Suppose -4*p - 7*p = -22726. Suppose 0 = -9*a + p + 823. What is the tens digit of a?
2
Let h(o) = -o**3 - 20*o**2 - 43*o + 18. What is the hundreds digit of h(-20)?
8
Suppose -4*c = x - 248 - 209, 3*x = 5*c + 1456. What is the hundreds digit of x?
4
Let y = 1553 - 15. What is the hundreds digit of y?
5
What is the tens digit of ((-24012)/(-30) + 2)/((-3)/(-15))?
1
Let d = 7 + -9. Let i(l) = -20*l**3 - 7*l**2 - 5*l + 7. Let k(t) = 10*t**3 + 3*t**2 + 2*t - 3. Let q(y) = d*i(y) - 